 n. What is the units digit of v?
2
Suppose 0*r + r = -5*k + 144, -3*r = 5*k - 392. Let o = r - 64. What is the tens digit of o?
6
Let k(d) = 454*d - 2. Let x be k(2). Let b be 1/(-6) + x/36. Let l = -15 + b. What is the units digit of l?
0
Let y(u) be the second derivative of u**4/4 + u**3 + 5*u**2/2 + 7*u. Let k be y(-7). Suppose 13*v - 8*v = k. What is the units digit of v?
2
Let l = 138 + -73. Suppose -5*z - 5*q = -l, 3*q + 1 = -8. What is the units digit of 3 + 1 + -3 + z?
7
Let x(p) = 202*p - 3. Let d be (1/(-1) - 0)/(-7 + 6). What is the tens digit of x(d)?
9
Suppose -8*o - 19276 = -48916. What is the tens digit of o?
0
Let j = -401 + 841. What is the hundreds digit of j?
4
What is the tens digit of 3*(6 + -8) - -103?
9
What is the thousands digit of 34*298/4*(-14 + 15)?
2
Let n = -39 + 68. What is the units digit of n + 6 + (-6 - -4)?
3
Suppose -53 = 6*h - 5*h. Let s = 92 + h. Let m = 70 - s. What is the tens digit of m?
3
Suppose 335274 = 47*h + 53227. What is the units digit of h?
1
Let x(c) = 303*c**2 - 24*c + 77. What is the thousands digit of x(3)?
2
Let g be 39/6 + (-12)/8. Suppose o = 2*o - h - 148, -434 = -3*o + g*h. Suppose -o = -i - 2*i. What is the tens digit of i?
5
Let r = -210 + 490. Suppose -2*y + r = 3*y - 2*w, 3*y - 194 = -4*w. What is the tens digit of y?
5
Suppose 1523 = -9*l + 5132. What is the units digit of l?
1
Let c(q) = -2*q + 2. Let l be c(1). Suppose 6*r - 3*r - 33 = l. What is the units digit of r?
1
Suppose 5 + 1 = 3*y. Let o be 0 - (y - -6)/(-4). Suppose -u - 4*s + 5 = 0, 3*u - o*s = -2*u + 135. What is the tens digit of u?
2
Let p(o) = -o + 2. Let f be (-1)/(-4*(-1)/24). Let j = -8 - f. What is the units digit of p(j)?
4
Suppose 0 = j - 5*z - 32, -6*z - 48 = -3*j - 3*z. What is the tens digit of 3/j - 319/(-4)?
8
Suppose 3*y - 15 = 0, 5*b - 8 + 63 = 5*y. Let r be ((-20)/b)/((-6)/(-9)). Suppose u - 3*u + 5*x + 89 = 0, 185 = r*u - 5*x. What is the units digit of u?
2
Suppose -3*z - 3*g + 4 = -5, -z - 13 = -3*g. What is the units digit of (3 + (-5 - 0) - z)*-201?
1
Suppose 0 = -3*u, z - 6 = -3*u + 2. Let o(v) = 25*v - 27. What is the hundreds digit of o(z)?
1
Suppose -2*f - 422 = 4*p, -2*f + 25 - 231 = 2*p. Suppose -b = -3*t - 219, 2*t + 2*t = b - 291. Let u = t - p. What is the units digit of u?
6
Suppose -6*m - 137 = -137. Suppose 4*f + 0 = 8. Suppose 4*p - b = 28, f*p = -m*b + b + 12. What is the units digit of p?
8
What is the tens digit of 730 + -20 - (-8 + -1)?
1
Let d(n) = 176*n. Let r be d(2). Let j = -233 + r. What is the units digit of j?
9
What is the thousands digit of 6 + (9 - -1580) + -8?
1
Let h = 383 - 230. Let a = 287 - h. What is the tens digit of (-1 - a)*(-1)/3?
4
Suppose -6*m = -9*m. What is the units digit of (0 - (m + -1))*(-2 - -26)?
4
Let t(n) = n + 13. Let s be t(-9). Suppose -g = m - 3, -g - 4*g = -s*m - 24. What is the units digit of g?
4
Let w(h) = h**3 + 4*h**2 - h + 7. Let d be w(-4). What is the hundreds digit of -5 + d + 204 - (-1)/1?
2
Let t(q) = 3*q**3 + q**2 + 2*q. Let w(s) = -6 - 6*s**3 + 5 - 2*s**2 - 5*s - s**3. Let c(o) = 5*t(o) + 2*w(o). What is the units digit of c(2)?
0
Let r(n) = 1 - n - n**3 + 7*n**2 - 7 + 6*n. Let p be r(6). Suppose -p = 7*k - 9*k. What is the tens digit of k?
3
Suppose 3*x - 979 = 2657. Suppose 5*d = 2*s - 332, -5*s - 3*d + x = 351. Suppose -2*u + 5*g + 71 = -16, -5*u = 3*g - s. What is the tens digit of u?
3
Suppose 0 = 51*v - 55*v + 3232. What is the units digit of v?
8
Let r = -19 - -13. Let d(i) = 10*i**3 + 4*i**2 - 5*i + 6. Let f(l) = -l**3 + l**2 - l + 1. Let z(j) = r*f(j) + d(j). What is the units digit of z(1)?
5
Suppose n - 4*n + 9 = 0. Suppose -n*z - 2*q - 2 = -8*z, 5*q - 20 = 0. Suppose 10 = 3*u + z*u. What is the units digit of u?
2
Let s = -3711 + 6441. What is the units digit of s?
0
Let c(z) = -3*z**3 + 47*z**2 + 38*z - 12. What is the tens digit of c(15)?
0
Let k(t) = -19*t + 1. Let z be k(-4). Suppose 0 = y - 4*l - 7, 5*l = -5*y + 7*l + 107. Suppose 5*c - y = z. What is the units digit of c?
0
Suppose 0 = 2*l - 1 - 1. Let o = 1 - l. Suppose o = -2*x + 39 - 1. What is the units digit of x?
9
Let z(v) = 858*v**2 - v - 1. What is the units digit of z(1)?
6
Suppose -4*m - 3*g = -3629, 3631 = -0*m + 4*m + g. What is the units digit of m?
8
Suppose -2*n + 1 = -3*l + 20, 4*l + 4*n = 52. What is the tens digit of (-590)/(-15) - (-6)/l?
4
Suppose -2*m = l - 11, 2*l + 14 + 4 = m. What is the tens digit of (-22)/m*1*-20?
5
Let d(y) = 8*y**3 - 337*y**2 + 48*y - 53. What is the units digit of d(42)?
9
Suppose -4*a - 2 = -0*x - 3*x, -3*a + 13 = 5*x. Let r be 15/x*2/3. Suppose r*g + 4*z = 102, 0 = -2*g - z + 4*z + 27. What is the tens digit of g?
1
Let l(z) = 2*z**3 - 5*z**2 - 4*z - 5. Suppose -69 - 21 = -15*y. What is the hundreds digit of l(y)?
2
Suppose -2*r + 984 = -2*g, -2*g - 81 = 5*r - 2548. What is the tens digit of r?
9
Let q be 16/(-4) - (-2 + -5). Suppose 8*g - 900 = q*g. What is the hundreds digit of g?
1
Let l = -827 + 1423. What is the tens digit of l?
9
Suppose -509 - 17014 = -27*y. What is the hundreds digit of y?
6
Let k = 20 - -350. What is the units digit of k?
0
Let j be ((-2)/6)/(10/30). What is the units digit of (-6 + 5)/(0 + j/83)?
3
Let l(d) = 109*d**2 - 5*d - 4. What is the units digit of l(-2)?
2
Suppose 4*r + r - 2*v - 35 = 0, -5*v = 3*r + 10. Suppose 0 = -3*c - r*b + 116, 0*b = 2*c + b - 75. What is the units digit of c?
7
Let d(v) = -v + 8. Let x be d(6). Suppose -x*m + 5*t = -95, -t - 1 + 135 = 3*m. Let l = m + -19. What is the tens digit of l?
2
What is the units digit of (19/4)/19*236?
9
Suppose -5*g + 1894 = -a + 451, g = -4*a + 297. What is the tens digit of g?
8
Suppose -n = 20*n - 15057. What is the units digit of n?
7
Let w(r) = -r**3 - 25*r**2 - 6*r + 40. What is the tens digit of w(-25)?
9
Let j(g) = -8*g. Let b be j(-4). Let k be (-9)/(-12) + 15/12. Suppose r + 5*h = 6*r - 35, k*h = 4*r - b. What is the units digit of r?
9
Let m(z) = z + 14. Let r be m(-8). Let j be ((-10)/(-20))/(1/r). Suppose -62 = -5*u - 2*p, 0 = -4*u - p - j*p + 52. What is the units digit of u?
2
Let d(n) = 11*n - 18*n + 2 + 17. What is the units digit of d(-11)?
6
Let j = 81 - 116. What is the units digit of 2/(-7) + (-5645)/j?
1
Let z(j) be the second derivative of -j**5/20 + j**4/4 + j**3/6 - j**2/2 + 5*j. Let y be z(3). Suppose 0 = -y*p + 7 + 27. What is the units digit of p?
7
Let s(z) = -z**3 + 6*z**2 + 13*z - 6. What is the tens digit of s(-8)?
8
Let o(k) = k**2 + 11*k - 1. Let r be o(8). Suppose 3*h = -5*d + 183, -18 = 3*d - 4*h - r. What is the tens digit of d + (4 + -1)*1?
4
Suppose -35216 = -55*u + 24*u. What is the tens digit of u?
3
Suppose 15 = 3*b - 12. Let w = b + 10. What is the units digit of w?
9
Let h(d) = -d**2 - 16*d - 16. Let l be h(-15). Suppose -2*o + 4*s = -o, 0 = -2*o + 2*s. What is the units digit of (7 - (-1)/l) + o?
6
Let z be (-99)/(-6)*8/(-6). Suppose 0 = -4*l - 3*b - 145, -2*l + 2*b = l + 113. Let c = z - l. What is the tens digit of c?
1
Let s = -2754 + 4990. What is the thousands digit of s?
2
Suppose -2*n + 12 = -5*n, -4*s - 4*n = -924. Let i = s + -160. What is the units digit of i?
5
What is the tens digit of -13 + 13 + (-2 - -8)*142?
5
Suppose 5*o + 82 = -83. Let u = o - -49. What is the units digit of u?
6
Let v(t) = 34*t + 11. Let g be v(4). Suppose -2*l - l = -g. What is the tens digit of l?
4
Suppose 0 = -5*v + 497 + 963. Suppose -5*r - 2*q = -v, -2*q = -2 - 0. What is the tens digit of r?
5
Let b(i) = i**3 - 4 + 0*i**3 - 7*i - 5*i**3 - 9*i**2 - 2*i**2. What is the tens digit of b(-4)?
0
Let u(v) = 3*v**3 - 10*v**2 - v + 8. Let f be u(5). Let h = f - 44. What is the units digit of h?
4
Let c be 3*(-3 + (-16)/(-6)). Let o(u) = 18*u**2 + u. Let s be o(c). Suppose -15 = -q + s. What is the units digit of q?
2
Let p(w) = -w**2 - 2*w + 30. Suppose 0 = -2*r - 2*r. Let t be p(r). Suppose -t - 24 = -3*v. What is the units digit of v?
8
Suppose 3063 = o + 43. What is the hundreds digit of o?
0
Let i = 131 - 220. Let h = i - -175. What is the units digit of h?
6
Suppose 12 = 8*m - 28. Let f(a) = -3*a + 29. What is the tens digit of f(m)?
1
Let o = 1596 - 389. What is the units digit of o?
7
Suppose 2844 = -8*a + 17804. What is the units digit of a?
0
Let u(q) = 2*q + 5. Let h be u(-3). Let f = h